{"id":3529,"date":"2024-04-12T21:40:37","date_gmt":"2024-04-12T19:40:37","guid":{"rendered":"https:\/\/www.lesvigiesduminou.bzh\/?page_id=3529"},"modified":"2024-07-07T16:16:14","modified_gmt":"2024-07-07T14:16:14","slug":"la-promenade-du-minou-le-mur-de-latlantique","status":"publish","type":"page","link":"https:\/\/www.lesvigiesduminou.bzh\/index.php\/la-promenade-du-minou\/la-promenade-du-minou-le-mur-de-latlantique\/","title":{"rendered":"La promenade du Minou (\u00e9tape 7) : Le mur de l&rsquo;Atlantique"},"content":{"rendered":"\n<figure class=\"wp-block-image aligncenter size-large\"><a href=\"https:\/\/www.lesvigiesduminou.bzh\/wp-content\/uploads\/2024\/04\/image190.png\"><img loading=\"lazy\" decoding=\"async\" width=\"1024\" height=\"785\" src=\"https:\/\/www.lesvigiesduminou.bzh\/wp-content\/uploads\/2024\/04\/image190-1024x785.png\" alt=\"\" class=\"wp-image-3635\" srcset=\"https:\/\/www.lesvigiesduminou.bzh\/wp-content\/uploads\/2024\/04\/image190-1024x785.png 1024w, https:\/\/www.lesvigiesduminou.bzh\/wp-content\/uploads\/2024\/04\/image190-300x230.png 300w, https:\/\/www.lesvigiesduminou.bzh\/wp-content\/uploads\/2024\/04\/image190-768x589.png 768w, https:\/\/www.lesvigiesduminou.bzh\/wp-content\/uploads\/2024\/04\/image190-1536x1178.png 1536w, https:\/\/www.lesvigiesduminou.bzh\/wp-content\/uploads\/2024\/04\/image190-2048x1570.png 2048w\" sizes=\"auto, (max-width: 1024px) 100vw, 1024px\" \/><\/a><figcaption class=\"wp-element-caption\"><em><strong>Photo<\/strong> : 3 des vestiges (dans les rectangles rouges) du mur de l&rsquo;Atlantique au Minou. Carte postale datant d&rsquo;apr\u00e8s la lib\u00e9ration et d&rsquo;avant 1961, Gaby, source : collection Ren\u00e9 Le Verge.<\/em><\/figcaption><\/figure>\n\n\n\n<p class=\"has-background\" style=\"background-color:#f3f3f3\"><strong><strong>Durant la seconde guerre mondiale, l\u2019arm\u00e9e allemande b\u00e9tonne et arme le littoral. De la&nbsp;Norv\u00e8ge \u00e0 l\u2019Espagne, l&rsquo;organisation Todt, un groupe de g\u00e9nie civil et militaire du Troisi\u00e8me Reich, \u00e9rigera un ensemble d\u00e9fensif le long des c\u00f4tes de l\u2019Atlantique, de la Manche et de la Mer du Nord. Cet ouvrage gigantesque devra emp\u00eacher le d\u00e9barquement des forces alli\u00e9es<\/strong>. Le Minou est une brique de ce mur.<\/strong><\/p>\n\n\n\n<div class=\"wp-block-columns are-vertically-aligned-center is-layout-flex wp-container-core-columns-is-layout-28f84493 wp-block-columns-is-layout-flex\">\n<div class=\"wp-block-column is-vertically-aligned-center is-layout-flow wp-block-column-is-layout-flow\">\n<div class=\"wp-block-buttons alignwide is-content-justification-space-between is-layout-flex wp-container-core-buttons-is-layout-b2891da8 wp-block-buttons-is-layout-flex\">\n<div class=\"wp-block-button has-custom-width wp-block-button__width-100 is-style-outline is-style-outline--1\"><a class=\"wp-block-button__link wp-element-button\" href=\"#atlantique-details\">Pour en savoir plus<\/a><\/div>\n<\/div>\n<\/div>\n\n\n\n<div class=\"wp-block-column is-vertically-aligned-center is-layout-flow wp-block-column-is-layout-flow\">\n<div class=\"wp-block-buttons alignfull is-content-justification-space-between is-layout-flex wp-container-core-buttons-is-layout-b2891da8 wp-block-buttons-is-layout-flex\">\n<div class=\"wp-block-button has-custom-width wp-block-button__width-100 is-style-outline is-style-outline--2\"><a class=\"wp-block-button__link wp-element-button\" href=\"#atlantique-english\">English summary<\/a><\/div>\n<\/div>\n<\/div>\n\n\n\n<div class=\"wp-block-column is-vertically-aligned-center is-layout-flow wp-block-column-is-layout-flow\">\n<div class=\"wp-block-buttons is-content-justification-space-between is-layout-flex wp-container-core-buttons-is-layout-b2891da8 wp-block-buttons-is-layout-flex\">\n<div class=\"wp-block-button has-custom-width wp-block-button__width-100 is-style-outline is-style-outline--3\"><a class=\"wp-block-button__link wp-element-button\" href=\"#atlantique-breton\"><strong>Diverrad e brezhoneg<\/strong><\/a><\/div>\n<\/div>\n<\/div>\n<\/div>\n\n\n\n<iframe loading=\"lazy\" width=\"100%\" height=\"500px\" frameborder=\"0\" allowfullscreen allow=\"geolocation\" src=\"\/\/framacarte.org\/fr\/map\/la-promenade-du-minou_183406?scaleControl=true&#038;miniMap=false&#038;scrollWheelZoom=false&#038;zoomControl=true&#038;editMode=disabled&#038;moreControl=false&#038;searchControl=true&#038;tilelayersControl=false&#038;embedControl=false&#038;datalayersControl=false&#038;onLoadPanel=none&#038;captionBar=false&#038;captionMenus=true&#038;locateControl=true&#038;measureControl=false&#038;editinosmControl=false&#038;starControl=false\"><\/iframe>\n\n\n\n<p class=\"has-text-align-center\"><em><strong>Carte<\/strong> : Aper\u00e7u de la promenade du Minou. Vous \u00eates \u00e0 l&rsquo;\u00e9tape 7. Cliquez sur l&rsquo;ic\u00f4ne \u2295 pour vous g\u00e9olocaliser.  <\/em><\/p>\n\n\n\n<div class=\"wp-block-columns are-vertically-aligned-center is-layout-flex wp-container-core-columns-is-layout-28f84493 wp-block-columns-is-layout-flex\">\n<div class=\"wp-block-column is-vertically-aligned-center is-layout-flow wp-block-column-is-layout-flow\">\n<div class=\"wp-block-buttons alignwide is-content-justification-space-between is-layout-flex wp-container-core-buttons-is-layout-b2891da8 wp-block-buttons-is-layout-flex\">\n<div class=\"wp-block-button has-custom-width wp-block-button__width-100 is-style-outline is-style-outline--4\"><a class=\"wp-block-button__link wp-element-button\" href=\"https:\/\/www.lesvigiesduminou.bzh\/index.php\/la-promenade-du-minou\/la-promenade-du-minou-la-tour-radar\/\">Aller \u00e0 l&rsquo;\u00e9tape 6\/10<\/a><\/div>\n<\/div>\n<\/div>\n\n\n\n<div class=\"wp-block-column is-vertically-aligned-center is-layout-flow wp-block-column-is-layout-flow\">\n<div class=\"wp-block-buttons alignfull is-content-justification-space-between is-layout-flex wp-container-core-buttons-is-layout-b2891da8 wp-block-buttons-is-layout-flex\">\n<div class=\"wp-block-button has-custom-width wp-block-button__width-100 is-style-outline is-style-outline--5\"><a class=\"wp-block-button__link wp-element-button\" href=\"#atlantique-resume-promenade\">toutes les \u00e9tapes<\/a><\/div>\n<\/div>\n<\/div>\n\n\n\n<div class=\"wp-block-column is-vertically-aligned-center is-layout-flow wp-block-column-is-layout-flow\">\n<div class=\"wp-block-buttons is-content-justification-space-between is-layout-flex wp-container-core-buttons-is-layout-b2891da8 wp-block-buttons-is-layout-flex\">\n<div class=\"wp-block-button has-custom-width wp-block-button__width-100 is-style-outline is-style-outline--6\"><a class=\"wp-block-button__link wp-element-button\" href=\"https:\/\/www.lesvigiesduminou.bzh\/index.php\/la-promenade-du-minou\/la-promenade-du-minou-le-goulet-un-verrou-de-protection-pour-le-port-de-brest\/\">Aller \u00e0 l&rsquo;\u00e9tape 8\/10<\/a><\/div>\n<\/div>\n<\/div>\n<\/div>\n\n\n\n<figure class=\"wp-block-image alignleft size-full is-resized\"><img loading=\"lazy\" decoding=\"async\" width=\"800\" height=\"480\" src=\"https:\/\/www.lesvigiesduminou.bzh\/wp-content\/uploads\/2024\/03\/Flag_of_the_United_Kingdom_3-5.svg_.png\" alt=\"\" class=\"wp-image-3228\" style=\"width:95px;height:auto\" srcset=\"https:\/\/www.lesvigiesduminou.bzh\/wp-content\/uploads\/2024\/03\/Flag_of_the_United_Kingdom_3-5.svg_.png 800w, https:\/\/www.lesvigiesduminou.bzh\/wp-content\/uploads\/2024\/03\/Flag_of_the_United_Kingdom_3-5.svg_-300x180.png 300w, https:\/\/www.lesvigiesduminou.bzh\/wp-content\/uploads\/2024\/03\/Flag_of_the_United_Kingdom_3-5.svg_-768x461.png 768w, https:\/\/www.lesvigiesduminou.bzh\/wp-content\/uploads\/2024\/03\/Flag_of_the_United_Kingdom_3-5.svg_-230x138.png 230w, https:\/\/www.lesvigiesduminou.bzh\/wp-content\/uploads\/2024\/03\/Flag_of_the_United_Kingdom_3-5.svg_-350x210.png 350w, https:\/\/www.lesvigiesduminou.bzh\/wp-content\/uploads\/2024\/03\/Flag_of_the_United_Kingdom_3-5.svg_-480x288.png 480w, https:\/\/www.lesvigiesduminou.bzh\/wp-content\/uploads\/2024\/03\/Flag_of_the_United_Kingdom_3-5.svg_-24x14.png 24w, https:\/\/www.lesvigiesduminou.bzh\/wp-content\/uploads\/2024\/03\/Flag_of_the_United_Kingdom_3-5.svg_-36x22.png 36w, https:\/\/www.lesvigiesduminou.bzh\/wp-content\/uploads\/2024\/03\/Flag_of_the_United_Kingdom_3-5.svg_-48x29.png 48w\" sizes=\"auto, (max-width: 800px) 100vw, 800px\" \/><\/figure>\n\n\n\n<p id=\"atlantique-english\"><em>During World War II, the German army concreted and armed the coastline. From Norway to Spain, the Todt Organization, a civil and military engineering group of the Third Reich, will erect a defensive system along the coasts of the Atlantic, the English Channel and the North Sea. This gigantic work will have to prevent the landing of Allied forces. The Minou is a brick in this wall.<\/em><\/p>\n\n\n\n<figure class=\"wp-block-image alignleft size-large is-resized\"><img loading=\"lazy\" decoding=\"async\" width=\"1024\" height=\"683\" src=\"https:\/\/www.lesvigiesduminou.bzh\/wp-content\/uploads\/2024\/03\/Flag_of_Brittany_Gwenn_ha_du.svg_-1024x683.png\" alt=\"\" class=\"wp-image-3226\" style=\"width:95px\" srcset=\"https:\/\/www.lesvigiesduminou.bzh\/wp-content\/uploads\/2024\/03\/Flag_of_Brittany_Gwenn_ha_du.svg_-1024x683.png 1024w, https:\/\/www.lesvigiesduminou.bzh\/wp-content\/uploads\/2024\/03\/Flag_of_Brittany_Gwenn_ha_du.svg_-300x200.png 300w, https:\/\/www.lesvigiesduminou.bzh\/wp-content\/uploads\/2024\/03\/Flag_of_Brittany_Gwenn_ha_du.svg_-768x512.png 768w, https:\/\/www.lesvigiesduminou.bzh\/wp-content\/uploads\/2024\/03\/Flag_of_Brittany_Gwenn_ha_du.svg_-1536x1024.png 1536w, https:\/\/www.lesvigiesduminou.bzh\/wp-content\/uploads\/2024\/03\/Flag_of_Brittany_Gwenn_ha_du.svg_-1000x667.png 1000w, https:\/\/www.lesvigiesduminou.bzh\/wp-content\/uploads\/2024\/03\/Flag_of_Brittany_Gwenn_ha_du.svg_-230x153.png 230w, https:\/\/www.lesvigiesduminou.bzh\/wp-content\/uploads\/2024\/03\/Flag_of_Brittany_Gwenn_ha_du.svg_-350x233.png 350w, https:\/\/www.lesvigiesduminou.bzh\/wp-content\/uploads\/2024\/03\/Flag_of_Brittany_Gwenn_ha_du.svg_-480x320.png 480w, https:\/\/www.lesvigiesduminou.bzh\/wp-content\/uploads\/2024\/03\/Flag_of_Brittany_Gwenn_ha_du.svg_-24x16.png 24w, https:\/\/www.lesvigiesduminou.bzh\/wp-content\/uploads\/2024\/03\/Flag_of_Brittany_Gwenn_ha_du.svg_-36x24.png 36w, https:\/\/www.lesvigiesduminou.bzh\/wp-content\/uploads\/2024\/03\/Flag_of_Brittany_Gwenn_ha_du.svg_-48x32.png 48w, https:\/\/www.lesvigiesduminou.bzh\/wp-content\/uploads\/2024\/03\/Flag_of_Brittany_Gwenn_ha_du.svg_.png 1920w\" sizes=\"auto, (max-width: 1024px) 100vw, 1024px\" \/><\/figure>\n\n\n\n<p id=\"atlantique-breton\"><em>E-pad an eil brezel-bed e voe betonet hag armet an arvor gant an arme alaman. Eus Norvegia da Spagn, an aozadur Todt, ur strollad ijinerezh sivil ha milourel eus an Trede Reich, a savas un hollad difenn a-hed aodo\u00f9 ar Meurvor Atlantel, Mor Breizh ha Mor an Norzh. Rankout a raio ar savadur ramzel-se mirout ouzh an nerzhio\u00f9 kevredet da zilestra\u00f1. Ar Minou zo ur brikenn eus ar voger-ma\u00f1.<\/em><\/p>\n\n\n\n<h2 class=\"wp-block-heading\" id=\"atlantique-details\">Pour en savoir plus sur le mur de l&rsquo;Atlantique<\/h2>\n\n\n\n<figure class=\"wp-block-image aligncenter size-full\"><a href=\"https:\/\/www.lesvigiesduminou.bzh\/wp-content\/uploads\/2024\/04\/Atlantikwall.png\"><img loading=\"lazy\" decoding=\"async\" width=\"612\" height=\"804\" src=\"https:\/\/www.lesvigiesduminou.bzh\/wp-content\/uploads\/2024\/04\/Atlantikwall.png\" alt=\"\" class=\"wp-image-3640\" srcset=\"https:\/\/www.lesvigiesduminou.bzh\/wp-content\/uploads\/2024\/04\/Atlantikwall.png 612w, https:\/\/www.lesvigiesduminou.bzh\/wp-content\/uploads\/2024\/04\/Atlantikwall-228x300.png 228w, https:\/\/www.lesvigiesduminou.bzh\/wp-content\/uploads\/2024\/04\/Atlantikwall-230x302.png 230w, https:\/\/www.lesvigiesduminou.bzh\/wp-content\/uploads\/2024\/04\/Atlantikwall-350x460.png 350w, https:\/\/www.lesvigiesduminou.bzh\/wp-content\/uploads\/2024\/04\/Atlantikwall-480x631.png 480w, https:\/\/www.lesvigiesduminou.bzh\/wp-content\/uploads\/2024\/04\/Atlantikwall-18x24.png 18w, https:\/\/www.lesvigiesduminou.bzh\/wp-content\/uploads\/2024\/04\/Atlantikwall-27x36.png 27w, https:\/\/www.lesvigiesduminou.bzh\/wp-content\/uploads\/2024\/04\/Atlantikwall-37x48.png 37w\" sizes=\"auto, (max-width: 612px) 100vw, 612px\" \/><\/a><figcaption class=\"wp-element-caption\"><em><strong>Carte<\/strong> : Le mur de l&rsquo;Atlantique (en jaune), long de 2685 km. Source : <a href=\"https:\/\/commons.wikimedia.org\/wiki\/File:Atlantikwall.png\">Uberstroker<\/a>, licence Creative Commons Attribution-Share Alike 3.0 Unported.<\/em><\/figcaption><\/figure>\n\n\n\n<p>Le mur de l&rsquo;Atlantique sera compos\u00e9 de centaines de blockhaus abritant de l\u2019artillerie, des obstructions de plages et de mines qui devront s\u00e9curiser la zone envahie. L\u2019organisation Todt, y d\u00e9ploiera d\u2019\u00e9normes moyens humains et mat\u00e9riels.<\/p>\n\n\n\n<p>L\u2019envahisseur installera son poste de commandement de l\u2019artillerie c\u00f4ti\u00e8re brestoise (cod\u00e9 MAA 262) dans le <a href=\"https:\/\/www.lesvigiesduminou.bzh\/index.php\/la-promenade-du-minou\/la-promenade-du-minou-le-fort-du-minou\/\" data-type=\"page\" data-id=\"3373\">fort du Minou<\/a>. Un poste d\u2019observation en b\u00e9ton y surveillera l\u2019entr\u00e9e du goulet. La plage sera barr\u00e9e par des \u00ab portes belges \u00bb en acier, couvertes par une mitrailleuse situ\u00e9e dans le fort.<\/p>\n\n\n\n<figure class=\"wp-block-image aligncenter size-large\"><a href=\"https:\/\/www.lesvigiesduminou.bzh\/wp-content\/uploads\/2024\/04\/CP-R-LE-VERGE-PLOUZANE-515-Le-Minou-barrieres-Belge-anti-debarquement.jpg\"><img loading=\"lazy\" decoding=\"async\" width=\"1024\" height=\"723\" src=\"https:\/\/www.lesvigiesduminou.bzh\/wp-content\/uploads\/2024\/04\/CP-R-LE-VERGE-PLOUZANE-515-Le-Minou-barrieres-Belge-anti-debarquement-1024x723.jpg\" alt=\"\" class=\"wp-image-3639\" srcset=\"https:\/\/www.lesvigiesduminou.bzh\/wp-content\/uploads\/2024\/04\/CP-R-LE-VERGE-PLOUZANE-515-Le-Minou-barrieres-Belge-anti-debarquement-1024x723.jpg 1024w, https:\/\/www.lesvigiesduminou.bzh\/wp-content\/uploads\/2024\/04\/CP-R-LE-VERGE-PLOUZANE-515-Le-Minou-barrieres-Belge-anti-debarquement-300x212.jpg 300w, https:\/\/www.lesvigiesduminou.bzh\/wp-content\/uploads\/2024\/04\/CP-R-LE-VERGE-PLOUZANE-515-Le-Minou-barrieres-Belge-anti-debarquement-768x542.jpg 768w, https:\/\/www.lesvigiesduminou.bzh\/wp-content\/uploads\/2024\/04\/CP-R-LE-VERGE-PLOUZANE-515-Le-Minou-barrieres-Belge-anti-debarquement-1536x1084.jpg 1536w, https:\/\/www.lesvigiesduminou.bzh\/wp-content\/uploads\/2024\/04\/CP-R-LE-VERGE-PLOUZANE-515-Le-Minou-barrieres-Belge-anti-debarquement-1000x706.jpg 1000w, https:\/\/www.lesvigiesduminou.bzh\/wp-content\/uploads\/2024\/04\/CP-R-LE-VERGE-PLOUZANE-515-Le-Minou-barrieres-Belge-anti-debarquement-230x162.jpg 230w, https:\/\/www.lesvigiesduminou.bzh\/wp-content\/uploads\/2024\/04\/CP-R-LE-VERGE-PLOUZANE-515-Le-Minou-barrieres-Belge-anti-debarquement-350x247.jpg 350w, https:\/\/www.lesvigiesduminou.bzh\/wp-content\/uploads\/2024\/04\/CP-R-LE-VERGE-PLOUZANE-515-Le-Minou-barrieres-Belge-anti-debarquement-480x339.jpg 480w, https:\/\/www.lesvigiesduminou.bzh\/wp-content\/uploads\/2024\/04\/CP-R-LE-VERGE-PLOUZANE-515-Le-Minou-barrieres-Belge-anti-debarquement-24x17.jpg 24w, https:\/\/www.lesvigiesduminou.bzh\/wp-content\/uploads\/2024\/04\/CP-R-LE-VERGE-PLOUZANE-515-Le-Minou-barrieres-Belge-anti-debarquement-36x25.jpg 36w, https:\/\/www.lesvigiesduminou.bzh\/wp-content\/uploads\/2024\/04\/CP-R-LE-VERGE-PLOUZANE-515-Le-Minou-barrieres-Belge-anti-debarquement-48x34.jpg 48w, https:\/\/www.lesvigiesduminou.bzh\/wp-content\/uploads\/2024\/04\/CP-R-LE-VERGE-PLOUZANE-515-Le-Minou-barrieres-Belge-anti-debarquement.jpg 1920w\" sizes=\"auto, (max-width: 1024px) 100vw, 1024px\" \/><\/a><figcaption class=\"wp-element-caption\"><em><strong>Photo<\/strong> : Les \u00ab portes belges \u00bb en haut de la plage du Minou. Source : collection Ren\u00e9 Le Verge.<\/em><\/figcaption><\/figure>\n\n\n\n<p>Le long de la route qui remonte du fort, deux casemates de type Re 671 abriteront deux canons de 88 mm et un poste d\u2019observation qui d\u00e9fendront le passage des navires. Ces blockhaus \u00e9taient normalis\u00e9s par des plans types. Cela permettait une organisation optimale pour la construction et pour l\u2019efficacit\u00e9 de l\u2019ouvrage.<\/p>\n\n\n\n<p>Des champs de mines, des barbel\u00e9s et des postes de mitrailleuses assureront la d\u00e9fense du fort. <\/p>\n\n\n\n<div class=\"wp-block-columns are-vertically-aligned-center is-layout-flex wp-container-core-columns-is-layout-28f84493 wp-block-columns-is-layout-flex\">\n<div class=\"wp-block-column is-vertically-aligned-center is-layout-flow wp-block-column-is-layout-flow\">\n<div class=\"wp-block-buttons alignwide is-content-justification-space-between is-layout-flex wp-container-core-buttons-is-layout-b2891da8 wp-block-buttons-is-layout-flex\">\n<div class=\"wp-block-button has-custom-width wp-block-button__width-100 is-style-outline is-style-outline--7\"><a class=\"wp-block-button__link wp-element-button\" href=\"https:\/\/www.lesvigiesduminou.bzh\/index.php\/la-promenade-du-minou\/la-promenade-du-minou-la-tour-radar\/\">Aller \u00e0 l&rsquo;\u00e9tape 6\/10<\/a><\/div>\n<\/div>\n<\/div>\n\n\n\n<div class=\"wp-block-column is-vertically-aligned-center is-layout-flow wp-block-column-is-layout-flow\">\n<div class=\"wp-block-buttons alignfull is-content-justification-space-between is-layout-flex wp-container-core-buttons-is-layout-b2891da8 wp-block-buttons-is-layout-flex\">\n<div class=\"wp-block-button has-custom-width wp-block-button__width-100 is-style-outline is-style-outline--8\"><a class=\"wp-block-button__link wp-element-button\" href=\"https:\/\/www.lesvigiesduminou.bzh\/index.php\/la-promenade-du-minou\/la-promenade-du-minou-le-goulet-un-verrou-de-protection-pour-le-port-de-brest\/\">Aller \u00e0 l&rsquo;\u00e9tape 8\/10<\/a><\/div>\n<\/div>\n<\/div>\n<\/div>\n\n\n\n<h2 class=\"wp-block-heading\" id=\"atlantique-resume-promenade\">Promenade du Minou<\/h2>\n\n\n\n<ul class=\"wp-block-list\">\n<li><a href=\"https:\/\/www.lesvigiesduminou.bzh\/index.php\/la-promenade-du-minou\/\" data-type=\"page\" data-id=\"3313\">Descriptif g\u00e9n\u00e9ral de la balade du Minou<\/a><\/li>\n\n\n\n<li><a href=\"https:\/\/www.lesvigiesduminou.bzh\/index.php\/la-promenade-du-minou\/la-promenade-du-minou-les-cables-transatlantiques-sous-marins-du-minou\/\" data-type=\"page\" data-id=\"3328\">Etape 1 : Les c\u00e2bles transatlantiques sous-marins du Minou (1869 &#8211; 1920)<\/a><\/li>\n\n\n\n<li><a href=\"https:\/\/www.lesvigiesduminou.bzh\/index.php\/la-promenade-du-minou\/la-promenade-du-minou-traez-les-engrais-marins-du-minou\/\" data-type=\"page\" data-id=\"3339\">\u00c9tape 2 : Traez, les engrais marins du Minou<\/a><\/li>\n\n\n\n<li><a href=\"https:\/\/www.lesvigiesduminou.bzh\/index.php\/la-promenade-du-minou\/la-promenade-du-minou-le-fort-du-minou\/\" data-type=\"page\" data-id=\"3373\">\u00c9tape 3 : Le fort du Minou<\/a><\/li>\n\n\n\n<li><a href=\"https:\/\/www.lesvigiesduminou.bzh\/index.php\/la-promenade-du-minou\/la-promenade-du-minou-la-rotisserie-du-minou\/\" data-type=\"page\" data-id=\"3487\">\u00c9tape 4 : La r\u00f4tisserie du Minou<\/a><\/li>\n\n\n\n<li><a href=\"https:\/\/www.lesvigiesduminou.bzh\/index.php\/la-promenade-du-minou\/la-promenade-du-minou-le-phare-du-petit-minou\/\" data-type=\"page\" data-id=\"3496\">\u00c9tape 5 : Le phare du Petit-Minou<\/a><\/li>\n\n\n\n<li><a href=\"https:\/\/www.lesvigiesduminou.bzh\/index.php\/la-promenade-du-minou\/la-promenade-du-minou-la-tour-radar\/\" data-type=\"page\" data-id=\"3508\">\u00c9tape 6 : La tour radar<\/a><\/li>\n\n\n\n<li><a href=\"https:\/\/www.lesvigiesduminou.bzh\/index.php\/la-promenade-du-minou\/la-promenade-du-minou-le-mur-de-latlantique\/\" data-type=\"page\" data-id=\"3529\">\u00c9tape 7 : le mur de l&rsquo;Atlantique<\/a><\/li>\n\n\n\n<li><a href=\"https:\/\/www.lesvigiesduminou.bzh\/index.php\/la-promenade-du-minou-le-goulet-un-verrou-de-protection-pour-le-port-de-brest\/\" data-type=\"page\" data-id=\"3235\">\u00c9tape 8 : Le goulet, un verrou de protection pour le port de Brest<\/a><\/li>\n\n\n\n<li><a href=\"https:\/\/www.lesvigiesduminou.bzh\/index.php\/la-promenade-du-minou\/la-promenade-du-minou-la-batterie-haute-de-quatre-canons-de-24-cm\/\" data-type=\"page\" data-id=\"3542\">\u00c9tape 9 : La batterie haute du Minou<\/a><\/li>\n\n\n\n<li><a href=\"https:\/\/www.lesvigiesduminou.bzh\/index.php\/la-promenade-du-minou\/la-promenade-du-minou-la-vallee-du-minou-et-les-moulins-de-porsquene\/\" data-type=\"page\" data-id=\"3545\">\u00c9tape 10 : La vall\u00e9e du Minou<\/a><\/li>\n<\/ul>\n\n\n\n<h3 class=\"wp-block-heading\">Quelques statistiques<\/h3>\n\n\n<p>Nombre de visites de cette page aujourd&rsquo;hui : 0<br \/>\nNombre total de visites de cette page : 0<\/p>\n","protected":false},"excerpt":{"rendered":"<p>Durant la seconde guerre mondiale, l\u2019arm\u00e9e allemande b\u00e9tonne et arme le littoral. De la&nbsp;Norv\u00e8ge \u00e0 l\u2019Espagne, l&rsquo;organisation Todt, un groupe de g\u00e9nie [&hellip;]<\/p>\n","protected":false},"author":3,"featured_media":0,"parent":3313,"menu_order":0,"comment_status":"closed","ping_status":"closed","template":"","meta":{"footnotes":""},"class_list":["post-3529","page","type-page","status-publish","hentry"],"_links":{"self":[{"href":"https:\/\/www.lesvigiesduminou.bzh\/index.php\/wp-json\/wp\/v2\/pages\/3529","targetHints":{"allow":["GET"]}}],"collection":[{"href":"https:\/\/www.lesvigiesduminou.bzh\/index.php\/wp-json\/wp\/v2\/pages"}],"about":[{"href":"https:\/\/www.lesvigiesduminou.bzh\/index.php\/wp-json\/wp\/v2\/types\/page"}],"author":[{"embeddable":true,"href":"https:\/\/www.lesvigiesduminou.bzh\/index.php\/wp-json\/wp\/v2\/users\/3"}],"replies":[{"embeddable":true,"href":"https:\/\/www.lesvigiesduminou.bzh\/index.php\/wp-json\/wp\/v2\/comments?post=3529"}],"version-history":[{"count":21,"href":"https:\/\/www.lesvigiesduminou.bzh\/index.php\/wp-json\/wp\/v2\/pages\/3529\/revisions"}],"predecessor-version":[{"id":4007,"href":"https:\/\/www.lesvigiesduminou.bzh\/index.php\/wp-json\/wp\/v2\/pages\/3529\/revisions\/4007"}],"up":[{"embeddable":true,"href":"https:\/\/www.lesvigiesduminou.bzh\/index.php\/wp-json\/wp\/v2\/pages\/3313"}],"wp:attachment":[{"href":"https:\/\/www.lesvigiesduminou.bzh\/index.php\/wp-json\/wp\/v2\/media?parent=3529"}],"curies":[{"name":"wp","href":"https:\/\/api.w.org\/{rel}","templated":true}]}}