{"id":3373,"date":"2024-04-07T13:31:52","date_gmt":"2024-04-07T11:31:52","guid":{"rendered":"https:\/\/www.lesvigiesduminou.bzh\/?page_id=3373"},"modified":"2024-07-07T16:13:43","modified_gmt":"2024-07-07T14:13:43","slug":"la-promenade-du-minou-le-fort-du-minou","status":"publish","type":"page","link":"https:\/\/www.lesvigiesduminou.bzh\/index.php\/la-promenade-du-minou\/la-promenade-du-minou-le-fort-du-minou\/","title":{"rendered":"La promenade du Minou (\u00e9tape 3) : Le fort du Minou"},"content":{"rendered":"\n<figure class=\"wp-block-image aligncenter size-large\"><a href=\"https:\/\/www.lesvigiesduminou.bzh\/wp-content\/uploads\/2024\/04\/CP-R-LE-VERGE-PLOUZANE-297.jpg\"><img loading=\"lazy\" decoding=\"async\" width=\"1024\" height=\"676\" src=\"https:\/\/www.lesvigiesduminou.bzh\/wp-content\/uploads\/2024\/04\/CP-R-LE-VERGE-PLOUZANE-297-1024x676.jpg\" alt=\"\" class=\"wp-image-3377\" srcset=\"https:\/\/www.lesvigiesduminou.bzh\/wp-content\/uploads\/2024\/04\/CP-R-LE-VERGE-PLOUZANE-297-1024x676.jpg 1024w, https:\/\/www.lesvigiesduminou.bzh\/wp-content\/uploads\/2024\/04\/CP-R-LE-VERGE-PLOUZANE-297-300x198.jpg 300w, https:\/\/www.lesvigiesduminou.bzh\/wp-content\/uploads\/2024\/04\/CP-R-LE-VERGE-PLOUZANE-297-768x507.jpg 768w, https:\/\/www.lesvigiesduminou.bzh\/wp-content\/uploads\/2024\/04\/CP-R-LE-VERGE-PLOUZANE-297-1536x1014.jpg 1536w, https:\/\/www.lesvigiesduminou.bzh\/wp-content\/uploads\/2024\/04\/CP-R-LE-VERGE-PLOUZANE-297-1000x660.jpg 1000w, https:\/\/www.lesvigiesduminou.bzh\/wp-content\/uploads\/2024\/04\/CP-R-LE-VERGE-PLOUZANE-297-230x152.jpg 230w, https:\/\/www.lesvigiesduminou.bzh\/wp-content\/uploads\/2024\/04\/CP-R-LE-VERGE-PLOUZANE-297-350x231.jpg 350w, https:\/\/www.lesvigiesduminou.bzh\/wp-content\/uploads\/2024\/04\/CP-R-LE-VERGE-PLOUZANE-297-480x317.jpg 480w, https:\/\/www.lesvigiesduminou.bzh\/wp-content\/uploads\/2024\/04\/CP-R-LE-VERGE-PLOUZANE-297-24x16.jpg 24w, https:\/\/www.lesvigiesduminou.bzh\/wp-content\/uploads\/2024\/04\/CP-R-LE-VERGE-PLOUZANE-297-36x24.jpg 36w, https:\/\/www.lesvigiesduminou.bzh\/wp-content\/uploads\/2024\/04\/CP-R-LE-VERGE-PLOUZANE-297-48x32.jpg 48w, https:\/\/www.lesvigiesduminou.bzh\/wp-content\/uploads\/2024\/04\/CP-R-LE-VERGE-PLOUZANE-297.jpg 1920w\" sizes=\"auto, (max-width: 1024px) 100vw, 1024px\" \/><\/a><figcaption class=\"wp-element-caption\"><em><strong>Photo<\/strong> : Vue sur le fort du Minou, avant la 2e guerre mondiale. L&rsquo;aileron Est (sur la gauche) a disparu suite aux bombardements alli\u00e9s. Source : collection de Ren\u00e9 Le Verge.<\/em><\/figcaption><\/figure>\n\n\n\n<p class=\"has-background\" style=\"background-color:#f3f3f3\"><strong>Ce poste avanc\u00e9 avait pour mission de d\u00e9fendre le port de Brest. Avant Vauban, en 1695, des canons armaient d\u00e9j\u00e0 ce promontoire. Depuis cette p\u00e9riode, le fort a subi de nombreuses \u00e9volutions architecturales pour suivre les progr\u00e8s de l&rsquo;armement. Tout au long de l&rsquo;histoire, les batteries d\u2019artillerie diverses dissuad\u00e8rent les vaisseaux en bois, \u00e0 voiles, tout comme les cuirass\u00e9s, de s\u2019engager dans le goulet.<\/strong><\/p>\n\n\n\n<div class=\"wp-block-columns are-vertically-aligned-center is-layout-flex wp-container-core-columns-is-layout-28f84493 wp-block-columns-is-layout-flex\">\n<div class=\"wp-block-column is-vertically-aligned-center is-layout-flow wp-block-column-is-layout-flow\">\n<div class=\"wp-block-buttons alignwide is-content-justification-space-between is-layout-flex wp-container-core-buttons-is-layout-b2891da8 wp-block-buttons-is-layout-flex\">\n<div class=\"wp-block-button has-custom-width wp-block-button__width-100 is-style-outline is-style-outline--1\"><a class=\"wp-block-button__link wp-element-button\" href=\"#fort-details\">Pour en savoir plus<\/a><\/div>\n<\/div>\n<\/div>\n\n\n\n<div class=\"wp-block-column is-vertically-aligned-center is-layout-flow wp-block-column-is-layout-flow\">\n<div class=\"wp-block-buttons alignfull is-content-justification-space-between is-layout-flex wp-container-core-buttons-is-layout-b2891da8 wp-block-buttons-is-layout-flex\">\n<div class=\"wp-block-button has-custom-width wp-block-button__width-100 is-style-outline is-style-outline--2\"><a class=\"wp-block-button__link wp-element-button\" href=\"#fort-english\">English summary<\/a><\/div>\n<\/div>\n<\/div>\n\n\n\n<div class=\"wp-block-column is-vertically-aligned-center is-layout-flow wp-block-column-is-layout-flow\">\n<div class=\"wp-block-buttons is-content-justification-space-between is-layout-flex wp-container-core-buttons-is-layout-b2891da8 wp-block-buttons-is-layout-flex\">\n<div class=\"wp-block-button has-custom-width wp-block-button__width-100 is-style-outline is-style-outline--3\"><a class=\"wp-block-button__link wp-element-button\" href=\"#fort-breton\"><strong>Diverrad e brezhoneg<\/strong><\/a><\/div>\n<\/div>\n<\/div>\n<\/div>\n\n\n\n<iframe loading=\"lazy\" width=\"100%\" height=\"500px\" frameborder=\"0\" allowfullscreen allow=\"geolocation\" src=\"\/\/framacarte.org\/fr\/map\/la-promenade-du-minou_183406?scaleControl=true&#038;miniMap=false&#038;scrollWheelZoom=false&#038;zoomControl=true&#038;editMode=disabled&#038;moreControl=false&#038;searchControl=true&#038;tilelayersControl=false&#038;embedControl=false&#038;datalayersControl=false&#038;onLoadPanel=none&#038;captionBar=false&#038;captionMenus=true&#038;locateControl=true&#038;measureControl=false&#038;editinosmControl=false&#038;starControl=false\"><\/iframe>\n\n\n\n<p class=\"has-text-align-center\"><em><strong>Carte<\/strong> : Aper\u00e7u de la promenade du Minou. Vous \u00eates \u00e0 l&rsquo;\u00e9tape 3. <em>Cliquez sur l&rsquo;ic\u00f4ne \u2295 pour vous g\u00e9olocaliser.  <\/em><\/em><\/p>\n\n\n\n<div class=\"wp-block-columns are-vertically-aligned-center is-layout-flex wp-container-core-columns-is-layout-28f84493 wp-block-columns-is-layout-flex\">\n<div class=\"wp-block-column is-vertically-aligned-center is-layout-flow wp-block-column-is-layout-flow\">\n<div class=\"wp-block-buttons alignwide is-content-justification-space-between is-layout-flex wp-container-core-buttons-is-layout-b2891da8 wp-block-buttons-is-layout-flex\">\n<div class=\"wp-block-button has-custom-width wp-block-button__width-100 is-style-outline is-style-outline--4\"><a class=\"wp-block-button__link wp-element-button\" href=\"https:\/\/www.lesvigiesduminou.bzh\/index.php\/la-promenade-du-minou\/la-promenade-du-minou-traez-les-engrais-marins-du-minou\/\">Aller \u00e0 l&rsquo;\u00e9tape 2\/10<\/a><\/div>\n<\/div>\n<\/div>\n\n\n\n<div class=\"wp-block-column is-vertically-aligned-center is-layout-flow wp-block-column-is-layout-flow\">\n<div class=\"wp-block-buttons alignfull is-content-justification-space-between is-layout-flex wp-container-core-buttons-is-layout-b2891da8 wp-block-buttons-is-layout-flex\">\n<div class=\"wp-block-button has-custom-width wp-block-button__width-100 is-style-outline is-style-outline--5\"><a class=\"wp-block-button__link wp-element-button\" href=\"#fort-resume-promenade\">toutes les \u00e9tapes<\/a><\/div>\n<\/div>\n<\/div>\n\n\n\n<div class=\"wp-block-column is-vertically-aligned-center is-layout-flow wp-block-column-is-layout-flow\">\n<div class=\"wp-block-buttons is-content-justification-space-between is-layout-flex wp-container-core-buttons-is-layout-b2891da8 wp-block-buttons-is-layout-flex\">\n<div class=\"wp-block-button has-custom-width wp-block-button__width-100 is-style-outline is-style-outline--6\"><a class=\"wp-block-button__link wp-element-button\" href=\"https:\/\/www.lesvigiesduminou.bzh\/index.php\/la-promenade-du-minou\/la-promenade-du-minou-la-rotisserie-du-minou\/\">Aller \u00e0 l&rsquo;\u00e9tape 4\/10<\/a><\/div>\n<\/div>\n<\/div>\n<\/div>\n\n\n\n<figure class=\"wp-block-image alignleft size-full is-resized\"><img loading=\"lazy\" decoding=\"async\" width=\"800\" height=\"480\" src=\"https:\/\/www.lesvigiesduminou.bzh\/wp-content\/uploads\/2024\/03\/Flag_of_the_United_Kingdom_3-5.svg_.png\" alt=\"\" class=\"wp-image-3228\" style=\"width:95px;height:auto\" srcset=\"https:\/\/www.lesvigiesduminou.bzh\/wp-content\/uploads\/2024\/03\/Flag_of_the_United_Kingdom_3-5.svg_.png 800w, https:\/\/www.lesvigiesduminou.bzh\/wp-content\/uploads\/2024\/03\/Flag_of_the_United_Kingdom_3-5.svg_-300x180.png 300w, https:\/\/www.lesvigiesduminou.bzh\/wp-content\/uploads\/2024\/03\/Flag_of_the_United_Kingdom_3-5.svg_-768x461.png 768w, https:\/\/www.lesvigiesduminou.bzh\/wp-content\/uploads\/2024\/03\/Flag_of_the_United_Kingdom_3-5.svg_-230x138.png 230w, https:\/\/www.lesvigiesduminou.bzh\/wp-content\/uploads\/2024\/03\/Flag_of_the_United_Kingdom_3-5.svg_-350x210.png 350w, https:\/\/www.lesvigiesduminou.bzh\/wp-content\/uploads\/2024\/03\/Flag_of_the_United_Kingdom_3-5.svg_-480x288.png 480w, https:\/\/www.lesvigiesduminou.bzh\/wp-content\/uploads\/2024\/03\/Flag_of_the_United_Kingdom_3-5.svg_-24x14.png 24w, https:\/\/www.lesvigiesduminou.bzh\/wp-content\/uploads\/2024\/03\/Flag_of_the_United_Kingdom_3-5.svg_-36x22.png 36w, https:\/\/www.lesvigiesduminou.bzh\/wp-content\/uploads\/2024\/03\/Flag_of_the_United_Kingdom_3-5.svg_-48x29.png 48w\" sizes=\"auto, (max-width: 800px) 100vw, 800px\" \/><\/figure>\n\n\n\n<p id=\"fort-english\"><em>This outpost was tasked with defending the port of Brest. Before Vauban, in 1695, cannons were already arming this promontory. Since then, the fort has undergone numerous architectural changes to keep pace with advances in weaponry. Throughout history, the various artillery batteries have deterred wooden sailing ships, as well as battleships, from entering the strait.<\/em><\/p>\n\n\n\n<figure class=\"wp-block-image alignleft size-large is-resized\"><img loading=\"lazy\" decoding=\"async\" width=\"1024\" height=\"683\" src=\"https:\/\/www.lesvigiesduminou.bzh\/wp-content\/uploads\/2024\/03\/Flag_of_Brittany_Gwenn_ha_du.svg_-1024x683.png\" alt=\"\" class=\"wp-image-3226\" style=\"width:95px\" srcset=\"https:\/\/www.lesvigiesduminou.bzh\/wp-content\/uploads\/2024\/03\/Flag_of_Brittany_Gwenn_ha_du.svg_-1024x683.png 1024w, https:\/\/www.lesvigiesduminou.bzh\/wp-content\/uploads\/2024\/03\/Flag_of_Brittany_Gwenn_ha_du.svg_-300x200.png 300w, https:\/\/www.lesvigiesduminou.bzh\/wp-content\/uploads\/2024\/03\/Flag_of_Brittany_Gwenn_ha_du.svg_-768x512.png 768w, https:\/\/www.lesvigiesduminou.bzh\/wp-content\/uploads\/2024\/03\/Flag_of_Brittany_Gwenn_ha_du.svg_-1536x1024.png 1536w, https:\/\/www.lesvigiesduminou.bzh\/wp-content\/uploads\/2024\/03\/Flag_of_Brittany_Gwenn_ha_du.svg_-1000x667.png 1000w, https:\/\/www.lesvigiesduminou.bzh\/wp-content\/uploads\/2024\/03\/Flag_of_Brittany_Gwenn_ha_du.svg_-230x153.png 230w, https:\/\/www.lesvigiesduminou.bzh\/wp-content\/uploads\/2024\/03\/Flag_of_Brittany_Gwenn_ha_du.svg_-350x233.png 350w, https:\/\/www.lesvigiesduminou.bzh\/wp-content\/uploads\/2024\/03\/Flag_of_Brittany_Gwenn_ha_du.svg_-480x320.png 480w, https:\/\/www.lesvigiesduminou.bzh\/wp-content\/uploads\/2024\/03\/Flag_of_Brittany_Gwenn_ha_du.svg_-24x16.png 24w, https:\/\/www.lesvigiesduminou.bzh\/wp-content\/uploads\/2024\/03\/Flag_of_Brittany_Gwenn_ha_du.svg_-36x24.png 36w, https:\/\/www.lesvigiesduminou.bzh\/wp-content\/uploads\/2024\/03\/Flag_of_Brittany_Gwenn_ha_du.svg_-48x32.png 48w, https:\/\/www.lesvigiesduminou.bzh\/wp-content\/uploads\/2024\/03\/Flag_of_Brittany_Gwenn_ha_du.svg_.png 1920w\" sizes=\"auto, (max-width: 1024px) 100vw, 1024px\" \/><\/figure>\n\n\n\n<p id=\"fort-breton\"><em>Ar post-se, lakaet war-raok, a oa e gefridi difenn porzh Brest. A-raok Vauban, e 1695, e veze kanolio\u00f9 oc\u2019h arma\u00f1 ar beg-douar-se dija. Abaoe ar mare-se ez eus bet che\u00f1chamanto\u00f9 bras er savouriezh evit heulia\u00f1 araokadenno\u00f9 an armo\u00f9. A-hed an istor, gant ar batirio\u00f9 kanolio\u00f9 a bep seurt, e voe diaesoc\u2019h evit al listri koad, listri-dre-lien, evel ar re hobregonet, mont e-barzh ar mulgul.<\/em><\/p>\n\n\n\n<h2 class=\"wp-block-heading\" id=\"fort-details\">Pour en savoir plus sur le fort du Minou<\/h2>\n\n\n\n<p>La pr\u00e9sence de ce fort est li\u00e9e \u00e0 la cr\u00e9ation du port militaire de Brest. Pour assurer la protection des navires, il suffit de tenir le <a href=\"https:\/\/www.lesvigiesduminou.bzh\/index.php\/la-promenade-du-minou\/la-promenade-du-minou-le-goulet-un-verrou-de-protection-pour-le-port-de-brest\/\" data-type=\"page\" data-id=\"3235\">goulet<\/a>, qui est la porte de la rade de Brest.<\/p>\n\n\n\n<p>Vers 1695, Vauban renforce le fortin de terre. Il y b\u00e2tit une redoute pour 11 embrasures de canons et deux places de mortiers . Un pont-levis ferme cet ouvrage. A l\u2019int\u00e9rieur, des logements pour la troupe et les officiers, un magasin \u00e0 poudre et un corps de garde compl\u00e8tent le dispositif.<\/p>\n\n\n\n<figure class=\"wp-block-image aligncenter size-full\"><a href=\"https:\/\/www.lesvigiesduminou.bzh\/wp-content\/uploads\/2024\/04\/A-1695-Minou-SHDAT_1VH_446_fort_du_Minou_1695_plan_2-Yck.jpg\"><img loading=\"lazy\" decoding=\"async\" width=\"12516\" height=\"11600\" src=\"https:\/\/www.lesvigiesduminou.bzh\/wp-content\/uploads\/2024\/04\/A-1695-Minou-SHDAT_1VH_446_fort_du_Minou_1695_plan_2-Yck.jpg\" alt=\"\" class=\"wp-image-3374\"\/><\/a><figcaption class=\"wp-element-caption\"><em><strong>Plan <\/strong>: Plan des batterie et redoute du Minou (par Mollart, le 23 janvier 1696, suivant les ordres de Vauban), sources : Service Historique de l&rsquo;Arm\u00e9e de Terre, Vincennes et l&rsquo;<a href=\"https:\/\/patrimoine.bzh\/\">Inventaire de Bretagne<\/a>.<\/em><\/figcaption><\/figure>\n\n\n\n<p>Vers 1841, l\u2019\u00e9volution de l\u2019armement entra\u00eene de fortes modifications de ce qui devient un fort. Le foss\u00e9 est creus\u00e9, les remparts gagnent en hauteur et en largeur. Une porte monumentale \u00e0 pont-levis tr\u00f4ne \u00e0 l\u2019entr\u00e9e. Des ailerons de fusillade sont ajout\u00e9s aux extr\u00e9mit\u00e9s du rempart (\u00e0 l&rsquo;Est et \u00e0 l&rsquo;Ouest) pour emp\u00eacher l\u2019assaillant de s&#8217;emparer du site par la terre. Le calibre des canons augmente.<\/p>\n\n\n\n<figure class=\"wp-block-image aligncenter size-large\"><a href=\"https:\/\/www.lesvigiesduminou.bzh\/wp-content\/uploads\/2024\/04\/CP-R-LE-VERGE-PLOUZANE-226.jpg\"><img loading=\"lazy\" decoding=\"async\" width=\"1024\" height=\"677\" src=\"https:\/\/www.lesvigiesduminou.bzh\/wp-content\/uploads\/2024\/04\/CP-R-LE-VERGE-PLOUZANE-226-1024x677.jpg\" alt=\"\" class=\"wp-image-3378\" srcset=\"https:\/\/www.lesvigiesduminou.bzh\/wp-content\/uploads\/2024\/04\/CP-R-LE-VERGE-PLOUZANE-226-1024x677.jpg 1024w, https:\/\/www.lesvigiesduminou.bzh\/wp-content\/uploads\/2024\/04\/CP-R-LE-VERGE-PLOUZANE-226-300x198.jpg 300w, https:\/\/www.lesvigiesduminou.bzh\/wp-content\/uploads\/2024\/04\/CP-R-LE-VERGE-PLOUZANE-226-768x508.jpg 768w, https:\/\/www.lesvigiesduminou.bzh\/wp-content\/uploads\/2024\/04\/CP-R-LE-VERGE-PLOUZANE-226-1536x1015.jpg 1536w, https:\/\/www.lesvigiesduminou.bzh\/wp-content\/uploads\/2024\/04\/CP-R-LE-VERGE-PLOUZANE-226-1000x661.jpg 1000w, https:\/\/www.lesvigiesduminou.bzh\/wp-content\/uploads\/2024\/04\/CP-R-LE-VERGE-PLOUZANE-226-230x152.jpg 230w, https:\/\/www.lesvigiesduminou.bzh\/wp-content\/uploads\/2024\/04\/CP-R-LE-VERGE-PLOUZANE-226-350x231.jpg 350w, https:\/\/www.lesvigiesduminou.bzh\/wp-content\/uploads\/2024\/04\/CP-R-LE-VERGE-PLOUZANE-226-480x317.jpg 480w, https:\/\/www.lesvigiesduminou.bzh\/wp-content\/uploads\/2024\/04\/CP-R-LE-VERGE-PLOUZANE-226-24x16.jpg 24w, https:\/\/www.lesvigiesduminou.bzh\/wp-content\/uploads\/2024\/04\/CP-R-LE-VERGE-PLOUZANE-226-36x24.jpg 36w, https:\/\/www.lesvigiesduminou.bzh\/wp-content\/uploads\/2024\/04\/CP-R-LE-VERGE-PLOUZANE-226-48x32.jpg 48w, https:\/\/www.lesvigiesduminou.bzh\/wp-content\/uploads\/2024\/04\/CP-R-LE-VERGE-PLOUZANE-226.jpg 1920w\" sizes=\"auto, (max-width: 1024px) 100vw, 1024px\" \/><\/a><figcaption class=\"wp-element-caption\"><em><strong>Photo<\/strong> : Le fort vu de la plage du Minou, avant la 2e guerre mondiale. On aper\u00e7oit notamment sur la gauche l&rsquo;aileron Ouest d\u00e9truit pendant les bombardements alli\u00e9s. Source : collection de Ren\u00e9 Le Verge.<\/em><\/figcaption><\/figure>\n\n\n\n<p>Vers 1887, deux canons de 50 tonnes sont gliss\u00e9s dans la <a href=\"https:\/\/www.lesvigiesduminou.bzh\/index.php\/2021\/01\/21\/visite-panoramique-a-360-de-la-batterie-de-rupture-du-petit-minou\/\" data-type=\"post\" data-id=\"452\">batterie de rupture<\/a> qui a \u00e9t\u00e9 creus\u00e9e, sous le foss\u00e9, au niveau de la gr\u00e8ve, \u00e0 l&rsquo;Est. Les cuirass\u00e9s repr\u00e9sentent alors la nouvelle menace. Des obus de 400 kg devront transpercer l\u2019\u00e9paisse coque de ces navires de guerre. Jusqu\u2019\u00e0 ce moment l\u2019adversaire \u00e9tait principalement l\u2019Angleterre.<\/p>\n\n\n\n<p>En 1917, les d\u00e9fenses du goulet sont d\u00e9sarm\u00e9es afin d&rsquo;\u00eatre transport\u00e9es sur le front de l\u2019Est. Les canons de la batterie de rupture sont transf\u00e9r\u00e9s par bateau, puis mont\u00e9s sur chemin de fer.<\/p>\n\n\n\n<figure class=\"wp-block-image aligncenter size-large is-resized\"><a href=\"https:\/\/www.lesvigiesduminou.bzh\/wp-content\/uploads\/2024\/04\/ruptureMinou-14-15-3-upscaled-e.jpg\"><img loading=\"lazy\" decoding=\"async\" width=\"1024\" height=\"735\" src=\"https:\/\/www.lesvigiesduminou.bzh\/wp-content\/uploads\/2024\/04\/ruptureMinou-14-15-3-upscaled-e-1024x735.jpg\" alt=\"\" class=\"wp-image-3376\" style=\"width:790px;height:auto\" srcset=\"https:\/\/www.lesvigiesduminou.bzh\/wp-content\/uploads\/2024\/04\/ruptureMinou-14-15-3-upscaled-e-1024x735.jpg 1024w, https:\/\/www.lesvigiesduminou.bzh\/wp-content\/uploads\/2024\/04\/ruptureMinou-14-15-3-upscaled-e-300x215.jpg 300w, https:\/\/www.lesvigiesduminou.bzh\/wp-content\/uploads\/2024\/04\/ruptureMinou-14-15-3-upscaled-e-768x551.jpg 768w, https:\/\/www.lesvigiesduminou.bzh\/wp-content\/uploads\/2024\/04\/ruptureMinou-14-15-3-upscaled-e-1000x717.jpg 1000w, https:\/\/www.lesvigiesduminou.bzh\/wp-content\/uploads\/2024\/04\/ruptureMinou-14-15-3-upscaled-e-230x165.jpg 230w, https:\/\/www.lesvigiesduminou.bzh\/wp-content\/uploads\/2024\/04\/ruptureMinou-14-15-3-upscaled-e-350x251.jpg 350w, https:\/\/www.lesvigiesduminou.bzh\/wp-content\/uploads\/2024\/04\/ruptureMinou-14-15-3-upscaled-e-480x344.jpg 480w, https:\/\/www.lesvigiesduminou.bzh\/wp-content\/uploads\/2024\/04\/ruptureMinou-14-15-3-upscaled-e-24x17.jpg 24w, https:\/\/www.lesvigiesduminou.bzh\/wp-content\/uploads\/2024\/04\/ruptureMinou-14-15-3-upscaled-e-36x26.jpg 36w, https:\/\/www.lesvigiesduminou.bzh\/wp-content\/uploads\/2024\/04\/ruptureMinou-14-15-3-upscaled-e-48x34.jpg 48w, https:\/\/www.lesvigiesduminou.bzh\/wp-content\/uploads\/2024\/04\/ruptureMinou-14-15-3-upscaled-e.jpg 1472w\" sizes=\"auto, (max-width: 1024px) 100vw, 1024px\" \/><\/a><figcaption class=\"wp-element-caption\"><em><strong>Photo<\/strong> : D\u00e9mant\u00e8lement de la batterie de rupture. Source : <a href=\"https:\/\/forum.pages14-18.com\/viewtopic.php?t=25140\">Forum Pages 14-18<\/a><\/em><\/figcaption><\/figure>\n\n\n\n<p>En 1944, le centre de commandement allemand de l\u2019artillerie c\u00f4ti\u00e8re (MAA262) est bas\u00e9 au fort du Minou. Fin ao\u00fbt, il est attaqu\u00e9 par l\u2019arm\u00e9e am\u00e9ricaine, qui vise le port en eau profonde de Brest. Lors de ces combats, l\u2019aileron Est s\u2019\u00e9croulera sur la plage et l\u2019aileron Ouest sera aussi fortement endommag\u00e9.<\/p>\n\n\n\n<p>En 1961, lors de la guerre froide, le blockhaus allemand \u00e0 l\u2019int\u00e9rieur du fort sera agrandi et l&rsquo;arm\u00e9e fran\u00e7aise y installera un laboratoire photo pour d\u00e9velopper et exploiter les photos prises depuis la <a href=\"https:\/\/www.lesvigiesduminou.bzh\/index.php\/la-promenade-du-minou\/la-promenade-du-minou-la-tour-radar\/\" data-type=\"page\" data-id=\"3508\">tour radar<\/a>.<\/p>\n\n\n\n<div class=\"wp-block-columns are-vertically-aligned-center is-layout-flex wp-container-core-columns-is-layout-28f84493 wp-block-columns-is-layout-flex\">\n<div class=\"wp-block-column is-vertically-aligned-center is-layout-flow wp-block-column-is-layout-flow\">\n<div class=\"wp-block-buttons alignwide is-content-justification-space-between is-layout-flex wp-container-core-buttons-is-layout-b2891da8 wp-block-buttons-is-layout-flex\">\n<div class=\"wp-block-button has-custom-width wp-block-button__width-100 is-style-outline is-style-outline--7\"><a class=\"wp-block-button__link wp-element-button\" href=\"https:\/\/www.lesvigiesduminou.bzh\/index.php\/la-promenade-du-minou\/la-promenade-du-minou-traez-les-engrais-marins-du-minou\/\">Aller \u00e0 l&rsquo;\u00e9tape 2\/10<\/a><\/div>\n<\/div>\n<\/div>\n\n\n\n<div class=\"wp-block-column is-vertically-aligned-center is-layout-flow wp-block-column-is-layout-flow\">\n<div class=\"wp-block-buttons alignfull is-content-justification-space-between is-layout-flex wp-container-core-buttons-is-layout-b2891da8 wp-block-buttons-is-layout-flex\">\n<div class=\"wp-block-button has-custom-width wp-block-button__width-100 is-style-outline is-style-outline--8\"><a class=\"wp-block-button__link wp-element-button\" href=\"https:\/\/www.lesvigiesduminou.bzh\/index.php\/la-promenade-du-minou\/la-promenade-du-minou-la-rotisserie-du-minou\/\">Aller \u00e0 l&rsquo;\u00e9tape 4\/10<\/a><\/div>\n<\/div>\n<\/div>\n<\/div>\n\n\n\n<h2 class=\"wp-block-heading\" id=\"fort-resume-promenade\">Promenade du Minou<\/h2>\n\n\n\n<ul class=\"wp-block-list\">\n<li><a href=\"https:\/\/www.lesvigiesduminou.bzh\/index.php\/la-promenade-du-minou\/\" data-type=\"page\" data-id=\"3313\">Descriptif g\u00e9n\u00e9ral de la balade du Minou<\/a><\/li>\n\n\n\n<li><a href=\"https:\/\/www.lesvigiesduminou.bzh\/index.php\/la-promenade-du-minou\/la-promenade-du-minou-les-cables-transatlantiques-sous-marins-du-minou\/\" data-type=\"page\" data-id=\"3328\">Etape 1 : Les c\u00e2bles transatlantiques sous-marins du Minou (1869 &#8211; 1920)<\/a><\/li>\n\n\n\n<li><a href=\"https:\/\/www.lesvigiesduminou.bzh\/index.php\/la-promenade-du-minou\/la-promenade-du-minou-traez-les-engrais-marins-du-minou\/\" data-type=\"page\" data-id=\"3339\">\u00c9tape 2 : Traez, les engrais marins du Minou<\/a><\/li>\n\n\n\n<li><a href=\"https:\/\/www.lesvigiesduminou.bzh\/index.php\/la-promenade-du-minou\/la-promenade-du-minou-le-fort-du-minou\/\" data-type=\"page\" data-id=\"3373\">\u00c9tape 3 : Le fort du Minou<\/a><\/li>\n\n\n\n<li><a href=\"https:\/\/www.lesvigiesduminou.bzh\/index.php\/la-promenade-du-minou\/la-promenade-du-minou-la-rotisserie-du-minou\/\" data-type=\"page\" data-id=\"3487\">\u00c9tape 4 : La r\u00f4tisserie du Minou<\/a><\/li>\n\n\n\n<li><a href=\"https:\/\/www.lesvigiesduminou.bzh\/index.php\/la-promenade-du-minou\/la-promenade-du-minou-le-phare-du-petit-minou\/\" data-type=\"page\" data-id=\"3496\">\u00c9tape 5 : Le phare du Petit-Minou<\/a><\/li>\n\n\n\n<li><a href=\"https:\/\/www.lesvigiesduminou.bzh\/index.php\/la-promenade-du-minou\/la-promenade-du-minou-la-tour-radar\/\" data-type=\"page\" data-id=\"3508\">\u00c9tape 6 : La tour radar<\/a><\/li>\n\n\n\n<li><a href=\"https:\/\/www.lesvigiesduminou.bzh\/index.php\/la-promenade-du-minou\/la-promenade-du-minou-le-mur-de-latlantique\/\" data-type=\"page\" data-id=\"3529\">\u00c9tape 7 : le mur de l&rsquo;Atlantique<\/a><\/li>\n\n\n\n<li><a href=\"https:\/\/www.lesvigiesduminou.bzh\/index.php\/la-promenade-du-minou-le-goulet-un-verrou-de-protection-pour-le-port-de-brest\/\" data-type=\"page\" data-id=\"3235\">\u00c9tape 8 : Le goulet, un verrou de protection pour le port de Brest<\/a><\/li>\n\n\n\n<li><a href=\"https:\/\/www.lesvigiesduminou.bzh\/index.php\/la-promenade-du-minou\/la-promenade-du-minou-la-batterie-haute-de-quatre-canons-de-24-cm\/\" data-type=\"page\" data-id=\"3542\">\u00c9tape 9 : La batterie haute du Minou<\/a><\/li>\n\n\n\n<li><a href=\"https:\/\/www.lesvigiesduminou.bzh\/index.php\/la-promenade-du-minou\/la-promenade-du-minou-la-vallee-du-minou-et-les-moulins-de-porsquene\/\" data-type=\"page\" data-id=\"3545\">\u00c9tape 10 : La vall\u00e9e du Minou<\/a><\/li>\n<\/ul>\n\n\n\n<h3 class=\"wp-block-heading\">Quelques statistiques<\/h3>\n\n\n<p>Nombre de visites de cette page aujourd&rsquo;hui : 0<br \/>\nNombre total de visites de cette page : 0<\/p>\n","protected":false},"excerpt":{"rendered":"<p>Ce poste avanc\u00e9 avait pour mission de d\u00e9fendre le port de Brest. Avant Vauban, en 1695, des canons armaient d\u00e9j\u00e0 ce promontoire. [&hellip;]<\/p>\n","protected":false},"author":3,"featured_media":0,"parent":3313,"menu_order":0,"comment_status":"closed","ping_status":"closed","template":"","meta":{"footnotes":""},"class_list":["post-3373","page","type-page","status-publish","hentry"],"_links":{"self":[{"href":"https:\/\/www.lesvigiesduminou.bzh\/index.php\/wp-json\/wp\/v2\/pages\/3373","targetHints":{"allow":["GET"]}}],"collection":[{"href":"https:\/\/www.lesvigiesduminou.bzh\/index.php\/wp-json\/wp\/v2\/pages"}],"about":[{"href":"https:\/\/www.lesvigiesduminou.bzh\/index.php\/wp-json\/wp\/v2\/types\/page"}],"author":[{"embeddable":true,"href":"https:\/\/www.lesvigiesduminou.bzh\/index.php\/wp-json\/wp\/v2\/users\/3"}],"replies":[{"embeddable":true,"href":"https:\/\/www.lesvigiesduminou.bzh\/index.php\/wp-json\/wp\/v2\/comments?post=3373"}],"version-history":[{"count":20,"href":"https:\/\/www.lesvigiesduminou.bzh\/index.php\/wp-json\/wp\/v2\/pages\/3373\/revisions"}],"predecessor-version":[{"id":4003,"href":"https:\/\/www.lesvigiesduminou.bzh\/index.php\/wp-json\/wp\/v2\/pages\/3373\/revisions\/4003"}],"up":[{"embeddable":true,"href":"https:\/\/www.lesvigiesduminou.bzh\/index.php\/wp-json\/wp\/v2\/pages\/3313"}],"wp:attachment":[{"href":"https:\/\/www.lesvigiesduminou.bzh\/index.php\/wp-json\/wp\/v2\/media?parent=3373"}],"curies":[{"name":"wp","href":"https:\/\/api.w.org\/{rel}","templated":true}]}}